(-68 + 104 - 66)?
37
What is the value of -2 + (1 - -9 - 54) + -2 + -2?
-50
What is the value of (2 - 25) + -1 + (21 - 1) + 0 + 9?
5
What is (18 - 40 - -12) + -10 + -34?
-54
What is -4 + -40 + 32 + (2 - 52)?
-62
Evaluate -967 + 1034 + (5 - 3) + -7.
62
-28 - (3 + -27 + (-179 - -200))
-25
Evaluate (12 - -2) + -1 + -2 + (6 - 6) + -2.
9
What is (-2038 - -2079) + 4 + -1?
44
What is -68 + 39 + 57 - (-10 - -1)?
37
Calculate -2 + -5 + -4 + 44 + 0.
33
What is the value of -15 + -69 + (169 - 30)?
55
3 + -48 + (-2 - 0) + (-58 - (-61 - -8))
-52
Calculate 2 + 2 + (46 - (16 - 5)) + 4.
43
Calculate -6 + (-22 - -3 - -8) - 3.
-20
Calculate 106 + -181 + (68 - 33).
-40
Calculate 7 + (0 - 61) - (95 + -91).
-58
(-17 - -15) + -30 - -17
-15
What is the value of -8 - (-57 - ((-6 - -16 - -9) + -8))?
60
Calculate 52 - (53 - (49 + -69)).
-21
Calculate 36 - (-58 - -175) - -35.
-46
Calculate (11 - -6) + 16 + -14 + 26.
45
2 + -11 - 0 - (-18 - 7 - -24 - -1)
-9
Calculate -23 - ((-12 - (2 + -7)) + 21 + -153).
116
Calculate 28 + (29 - 53) - (-31 - -4).
31
Evaluate 3 - (18 + -24 + -19 - 1).
29
What is 52 + -38 + (22 - 25)?
11
Calculate -11 + -5 + (-17 - 0 - (105 - 112)).
-26
What is the value of -12 + (-13 - 18) + 21?
-22
What is the value of -120 - (-27 - 31 - -31) - -32?
-61
Calculate -1237 - -1106 - (3 - 206).
72
What is the value of (-6 - 88) + (14 - (-6 - 10))?
-64
What is the value of (-265 - -296) + 8 + -4 + 8?
43
What is (-60 - 17) + -5 + -12 + -9?
-103
What is 6 - (-33 + -9 + (17 + 12 - 1))?
20
What is 11 + (2 - (-8 - -14)) - ((90 - 6) + 2)?
-79
What is -552 - -616 - (56 + -10)?
18
-44 - -22 - -18 - (-10 - 1)
7
What is 2 + 4 + -4 - (-12 + 10 + 22 - 52)?
34
Calculate 22 - (-13 + (0 - -29) - 7) - (0 - 56).
69
What is (83 - -16) + -29 + (-1 - 13)?
56
Calculate -13 - (-34 + (-18 - -6) - -17).
16
Calculate (50 + -69 - -47) + (-5 - -2).
25
Calculate 1 + (-1 - 104) + (-13 - (74 + -35 - 59)).
-97
What is the value of -7 + (23 - -26) - 66?
-24
-4 + (-2 - 2) - (-145 - -137) - (-3 + 44)
-41
869 + -927 - (-31 - 2)
-25
Evaluate -25 + -21 + (7 - -37).
-2
-38 - -70 - (-10 + 42 + -106)
106
What is the value of -1 + 17 + (-14 - -2 - ((10 - 0) + -28))?
22
0 + -8 - (12 + -3 + -34 + (35 - 28))
10
What is 4 + 4 + (-18 + 17 - (0 - (-8 + 0)))?
-1
Calculate 2 + (2 - -2) + (40 - 42) + 12.
16
Calculate -3 + (21 - 29 - (11 + -106 + -17)).
101
What is (4 - -3) + -28 + (-1 + 3 - 11)?
-30
-86 - (107 + 52 - 107)
-138
Calculate (-1 - 16 - (-310 + 301)) + (3 - 22).
-27
Evaluate -1 + -52 + (35 + 0 + 2 + -18 - 10).
-44
Calculate 2 + -27 - (101 - 19 - 101).
-6
-8 + (171 - 57) + -53
53
73 - (-2 + -19 + 8 + 28)
58
Evaluate 14 - (-17 - 1 - (58 + -68)).
22
-44 + -61 + 48 + 47 + (-2 - (-1 + 1))
-12
(2 - -30) + (-245 - -222) - 36
-27
8 + 6 + -174 + 176
16
-2 + (-29 - 0 - (-167 + 156 - (-19 - -3)))
-36
What is (84 - (-20 + (5 - 6) + 18 + -4)) + 14?
105
What is the value of (24 - 29) + -20 - (-7 + 0 + 11)?
-29
What is the value of -325 - -337 - (-3 - (-17 + 9))?
7
Evaluate -75 - (-2 - 2 - -5) - (-42 - (-21 - 10)).
-65
What is the value of 2 - (8 + (15 - 25) - -6 - (-1 - -41))?
38
Calculate -1 - 22 - (-8 - (-7 - ((2 - -2) + -14))).
-12
2 + 0 + -1 - (-36 + -31 + (3 - -72))
-7
Calculate 39 + (38 - (-45 - -105)).
17
Calculate -10 - ((24 - 27) + -7) - (16 + -1).
-15
(0 - 3) + (-21 - -16) - (-19 + 18)
-7
What is -19 + -62 + -63 + 83?
-61
Evaluate -16 + -9 + (4 - -10) + 11.
0
What is the value of (-4 - ((-2 - -1) + -5)) + 11 + -19?
-6
What is (-79 - -91) + (-2 - (-17 - 52))?
79
Calculate 207 + -80 - (-8 + (35 - -7)).
93
What is the value of (-95 - -81) + 22 + (-42 - (2 - 1))?
-35
Evaluate (-92 - 1) + (17 - (-69 + 70)).
-77
Calculate -46 + (-61 - -98) + 60.
51
Evaluate (1 + -4 - (0 + -9)) + (54 - 8) + -7.
45
(-315 - -404) + (-26 - 131)
-68
-2716 + 2704 + (0 + -2 + 1 - -28) - 143
-128
47 + (-143 + 110 - (0 + (-4 - 12)))
30
What is the value of (4 - 1) + 7 - (-106 - -75) - 0?
41
Calculate 25 + (-101 + -2 - -48).
-30
12 - (-33 + 171) - (-3 - (0 + -2 - 0))
-125
Evaluate -136 - -75 - -90 - (2 - -71).
-44
7 - 4 - (5 - 17) - 6 - -16
25
What is the value of -15 + 17 - (-13 - -13 - (-3 - 49)) - -4?
-46
What is the value of -8 + 1 + -5 + 32?
20
(10 - 1) + (16 - (-20 + 30))
15
Calculate -1465 - -1419 - (-3 - 0).
-43
What is -33 + (-4 - (16 - 26 - -4))?
-31
Evaluate (-19 - 7 - -29) + 5 + 0 + -78.
-70
-10 + 1 + (-42 - -45) + (19 - 8) - -41
46
What is the value of (-23 - -11 - 2) + 29 + 32?
47
What is (10 - 1 - -2) + 128 + (-32 - -40 - 63)?
84
Calculate (-22 - -9) + -38 + (11 - -33).
-7
Evaluate -22 + 0 + 0 + -95 + 147 + -95.
-65
Calculate 115 + (69 - -47) + -189.
42
What is the value of 12 + -95 + 100 - ((-2 - 2) + 0 + -3)?
24
What is -4 + 33 + 8 - (62 - 29)?
4
What is (322 - 321) + -18 + -5 + 9?
-13
14 + (9 - 18) + -13 + 13 + 0
5
Evaluate (3 - (20 + -36)) + -72.
-53
Evaluate (-31 - (66 - 48) - -26) + 149.
126
What is 10 + -23 + -3 + 11 + -1?
-6
23 + (-26 - 30) + 70
37
Evaluate 14 - (39 - -5) - -88.
58
What is the value of -152 + 68 + (-28 - 15) + 0?
-127
Evaluate 76 + (-37 - -19) + (0 - 0) - (2 + 7).
49
What is (30 - (8 - 24)) + ((4 - 1) + 7 - 2)?
54
Evaluate -19 + 70 - (-25 + 7 - (-2 - 4)).
63
What is 26 + -65 - -135 - (0 + 22)?
74
-3 + -63 + 3 + (13 - (-30 + 28))
-48
What is 57 - 1 - (-15 - -59)?
12
Calculate -40 + 55 + -1 - -29.
43
What is -65 - (-45 + 19) - (-6 + 10 + -6)?
-37
Calculate 5 + 5 + -6 + (61 - -4).
69
What is (-8 - (-22 + 5 + 6) - 9) + -30 + 26?
-10
Evaluate 84 - -5 - (-15 - -57).
47
What is 49 + 17 + (23 - 43)?
46
What is the value of 33 + -30 + (1 + -5 - -3)?
2
Calculate -631 + 620 - (-4 + 8 + -3 - -35).
-47
What is the value of -1 - 19 - (-5 - (19 - (-12 + 39)))?
-23
Evaluate -1 + 28 + (-7 - (-21 - -6) - -1).
36
What is the value of -69 - (-124 - -73) - -90?
72
What is the value of -41 - ((204 - 103) + -72)?
-70
Calculate -55 + 40 + -2 + 0 + 10 + -9 + 13.
-3
Evaluate -5 + -2 + -2 + (82 + -166 - -71).
-22
What is the value of 22 - (-16 - (-30 + -18)) - -12?
2
(34 - 4) + (-147 - (44 - 36))
-125
Calculate -97 + -5 + 0 - (-13 - (2 - -5 - 16)).
-98
What is 1 + 11 + (64 - 45) + (0 - 15)?
16
Calculate (-40 - (-11 - (28 - 20))) + 9.
-12
Evaluate -118 - (-103 - 61) - (1 - -22).
23
Calculate -21 + (-3 + -2 + 28 - 4).
-2
Evaluate (38 + -17 - 17) + -22 + -15 + 5.
-28
Calculate (1 + 0 - (45 - -2 - 14)) + -9 - -7.
-34
What is -6 - (-25 + -68 - -21)?
66
What is (-39 - -113) + -82 - (1 - -3)?
-12
Evaluate 7 - 13 - (-58 - (-1 - (8 - 8))).
51
Calculate -45 - (154 - (92 + 28)).
-79
What is the value of (3 - 6) + 7 - (95 - 95) - (-59 + -24)?
87
Evaluate 5 + -6 - (3 + 15 + -15) - -29.
25
Calculate 1 - 15 - (-1 + 0 + 2) - (-74104 - -74167).
-78
What is (46 - 60) + (-12 - -2)?
-24
Calculate 13 - (24 - (-11 + (4 - 10))).
-28
Calculate 68 + (20 - 57 - 12).
19
What is 52 - (-32 + 107 + -76)?
53
What is the value of -5 + 0 + (6 + -16 - 16 - -29) - -91?
89
Evaluate ((-15 - (5 + -5)) + 10 - -10) + -12 + -91.
-98
Calculate 52 - (10 - 15 - (-19 - 13)).
25
What is 17 - -6 - 24 - (17 + 81)?
-99
What is the value of -2 - ((31 - 117) + -41 + 35)?
90
Calculate 22 - (-13 + 46 + 63).
-74
What is the value of 1372 + -1339 - (4 - -1)?
28
Calculate -10 + 5 - -7 - (-170 - -147).
25
(-10 - (46 + -21 + -2)) + 12
-21
What is the value of (-50 - (4 - (-2 + 10 - 0))) + 3 + -5?
-48
Evaluate -19 + (10 - 28) + (3 - -9) + 15.
-10
6 + -40 + 65 - 82
-51
What is (1 + 4 - (-73 - (-25 - 106))) + 12?
-41
Evaluate 4 - (2 - (-12 + 9)) - (-14 + 0).
13
Evaluate (-35 - -23 - -31) + -2 + 11.
28
Calculate -15 - (2 + ((-9 - -8) + 9 + -9 - -9)).
-25
Evaluate 19555 + -19437 + (-18 - 1).
99
60 - (-32 - (24 + -67))
49
Evaluate (-23 - -28 - (-33 - (-2 - (1 - -1)))) + 0.
34
11 + -32 - (-5 - (23 + 2))
9
-21 - (10 + -3 + -6 - 10)
-12
What is (17 - (-73 + 49 - -32)) + -40?
-31
56 + (-73 - -29) - -30
42
2 - (1 - -6 - 13 - -14 - 17)
11
Evaluate -17 + (4 - 22 - -3) + 7.
-25
Calculate 42 + (-100 - (39 + -14 + -40)).
-43
4 - (6 - (55 + 8)) - (56 - 17 - 51)
73
-33 + 24 - -98 - 25
64
What is the value of (-9 - -9) + -80 + 19 + 52?
-9
Evaluate -3 + (3 - -3) + (-795 - -795) - 88.
-85
Calculate (15 - (-52 - -48)) + 11.
30
Evaluate (-12 + 18 - 0 - (-49 + -2)) + 50 + -50.
57
Evaluate 0 + 42 + -86 - -55.
11
(-9 - (8 - (14 - 47) - (2 - 9))) + 2
-55
Calculate -34 - -33 - 14 - (14 - 1).
-28
Calcu